ided by x.
0
Suppose -5*v - 5*a - 205 = -10*v, 2*v = -5*a + 54. Suppose -5*p + 4*x + 108 - 1 = 0, -4*p - 3*x + 67 = 0. What is the remainder when v is divided by p?
18
Let c(t) = -t + 15. Calculate the remainder when 107 is divided by c(-13).
23
Let g = -1 + 13. Calculate the remainder when 22 is divided by g.
10
Let q(h) = -h**2 - h + 15. Let y be q(0). Suppose f + y = b - 17, -4*b - 5*f = -110. What is the remainder when b is divided by 8?
6
Let c be ((-10)/5)/(2/(-6)). Suppose z + 1 = c. Suppose z*n - 11 - 24 = 0. What is the remainder when n is divided by 3?
1
Let z = 20 - 7. Calculate the remainder when 36 is divided by z.
10
Suppose -4*k - 2*f + f + 37 = 0, 0 = k - 5*f - 25. What is the remainder when (-5)/(-20) - (-315)/20 is divided by k?
6
Suppose 6*d - 49 = 11. Calculate the remainder when 37 is divided by d.
7
Let x = 14 + 5. Let b = 20 + -10. What is the remainder when x is divided by b?
9
Let m = 3 - 42. Let l = m - -74. What is the remainder when l is divided by 12?
11
Let v(g) = g**3 + 3*g**2 - 3*g + 3. Let f be v(2). Let l be (2/7)/((-4)/(-84)). Suppose -f = -t - l. Calculate the remainder when t is divided by 6.
5
Let c(m) = -m**2 - 6*m + 8. Let g be c(-8). Let u = g - -11. Calculate the remainder when (-1)/(-1) + 0 + 3 is divided by u.
1
Let i(w) = 38*w + 3. What is the remainder when i(1) is divided by 11?
8
Suppose 0*i + 2*j = 5*i - 116, -2*i = -4*j - 56. Let h = i + 7. Calculate the remainder when h is divided by 15.
14
Suppose 4*s + 3*n = -0*n - 30, 2*s = 2*n - 22. Suppose -3*f - 2*q - 51 = 0, 2*q + 12 = -2*q. Let h = s - f. What is the remainder when 16 is divided by h?
4
Suppose -4*n = -3*n - 2, 0 = -m + 3*n + 40. Calculate the remainder when m is divided by 17.
12
Suppose 2*q = 5*v - v + 82, 0 = -5*v - 25. What is the remainder when 60 is divided by q?
29
Suppose -4*n - n + 15 = 0. Let k(l) = l**2 + l - 1. Calculate the remainder when (-1 + 43)*(-1)/(-2) is divided by k(n).
10
Suppose 156 = 8*a - 4*a. What is the remainder when 233 is divided by a?
38
Let j = -116 - -219. What is the remainder when j is divided by 27?
22
Let n(h) = 4*h**2 - 17*h + 31. Let g be n(13). Suppose 56 = -r - 3*r. Calculate the remainder when (-4)/(-14) - g/r is divided by 9.
8
Suppose 2*b - 57 = -3*o, -3*b - b + 4*o + 144 = 0. Calculate the remainder when b is divided by 12.
9
Suppose -v + 2*t + 4 = -0*v, 3*v - 28 = 2*t. What is the remainder when 21 is divided by v?
9
Let p(l) = l**2 - 7*l + 1. Let x be p(5). Suppose 0 = -o - 3, 2*o + 4 = -2*d - 0. What is the remainder when d is divided by -2 - (-1)/((-3)/x)?
0
Let b(i) = 8*i - 2. Calculate the remainder when b(10) is divided by 20.
18
Suppose -2*t = -3*g - 57, 4*t - 3*g - 92 - 37 = 0. Suppose -4*n = n + 5*w - 70, -3*n + 3*w = -t. What is the remainder when n is divided by 7?
6
Suppose -68 = -3*o + 1. Calculate the remainder when o is divided by 13.
10
Suppose -3*x - 13 = -4, 4*x + 92 = 4*d. Calculate the remainder when d is divided by 7.
6
Calculate the remainder when 6/(-8) + 9918/72 is divided by 14.
11
Let h(k) = k**2 + 5*k + 4. Let s be h(-4). Suppose s = -3*q + 2*q + 55. Calculate the remainder when q is divided by 19.
17
Let n be 44 - -3*(-2)/3. Let x be (1/2)/((-8)/(-48)). Suppose -n = w - x*w. Calculate the remainder when 61 is divided by w.
19
Suppose 0 = -3*g + 77 + 190. Calculate the remainder when g is divided by 23.
20
Let k(z) = 5*z**3 - 2*z**2 + 6. Calculate the remainder when k(2) is divided by 13.
12
Suppose -15 = 3*q - 5*r - 55, r + 59 = 4*q. What is the remainder when 59 is divided by q?
14
Suppose 5*j = -0*j + 5. What is the remainder when 10 - (-10 + j)/3 is divided by 8?
5
Let i(s) = 3*s - s**3 - 14*s + 6*s - 7 + 12*s**2. What is the remainder when i(11) is divided by 15?
14
Let m = -57 + 60. What is the remainder when -1 + (4 - 2/(-2)) is divided by m?
1
Suppose 8*d = 5*d + 156. Suppose -f = -2*f + d. Calculate the remainder when f is divided by 18.
16
Suppose -10*j + 6 = -164. Suppose 3*n - 5*t = 20, 2*n - 10 = -n - 5*t. What is the remainder when j is divided by n?
2
Suppose -4*a + a - 3*i = -48, 3*a + i - 48 = 0. Calculate the remainder when (a/(-40))/(1/(-20)) is divided by ((-2)/4)/(2/(-12)).
2
Let m = 11 + -7. Suppose -v - v + 92 = 5*j, 4*v = m*j - 68. Calculate the remainder when j is divided by 7.
4
Let w = 146 + 30. Calculate the remainder when w is divided by 36.
32
Suppose 0 = -f - 22*f + 184. Let o = 1 + -1. Suppose o = -4*y + 2*y + 3*b + 56, 0 = 3*y + 5*b - 46. Calculate the remainder when y is divided by f.
6
Let g(l) = 3*l - 10. Calculate the remainder when g(12) is divided by 16 - 1/((-2)/(-4)).
12
Suppose d + d - 30 = 0. Let x = -20 - -64. Calculate the remainder when x is divided by d.
14
Let d(s) = -2*s**2 + 2*s - 1. Let l(k) = -3*k**2 + k - 1. Let z(t) = 3*d(t) - 4*l(t). Let o = -3 + 2. Calculate the remainder when 9 is divided by z(o).
4
Suppose 21 = -3*l + 2*y + 6, -4*y = 4*l. Let j(g) = 2*g**2 - 4*g - 1. Calculate the remainder when j(4) is divided by ((-8)/(-3))/(l/(-9)).
7
Let a = 15 + -11. Calculate the remainder when 5 is divided by a.
1
Let k(q) = -q**3 - q**2 + q + 31. Suppose -5*u + 31 = -4*t, 4*u = 2*t - 6*t + 32. Suppose 4 = i - u. What is the remainder when k(0) is divided by i?
9
Suppose 0 = -n - 0 + 12. Suppose -5*p + 107 + 118 = 0. Calculate the remainder when p is divided by n.
9
Let u(w) be the first derivative of -w**2/2 - 5*w + 4. Calculate the remainder when 2 is divided by u(-6).
0
What is the remainder when (-5*(-1)/2)/((-1)/(-12)) is divided by 17?
13
Suppose -2*f + 5*f - 216 = 0. Suppose -f = 2*i - 3*i. Calculate the remainder when i is divided by 15.
12
Let h(u) = u**3 - 13*u**2 - 13*u - 5. Calculate the remainder when 20 is divided by h(14).
2
Let n(r) = r**3 + 6*r**2 - 10*r - 10. Suppose 4*o - 44 = 40. Calculate the remainder when o is divided by n(-7).
10
Let d = 24 - -14. Calculate the remainder when d is divided by 10.
8
Suppose 2*t = -2*q + 32, 0 = 2*t - 3*q - 13 - 24. Let w = 95 - 63. What is the remainder when w is divided by t?
15
Suppose 0 = 3*g + 5*w - 158, 5*g - 259 = -8*w + 4*w. Calculate the remainder when 354 is divided by g.
48
Let i = -31 - 4. Let a = i - -71. Suppose -34 = -5*u + a. Calculate the remainder when u is divided by 8.
6
Suppose -2*w = -2*i + 176, 0 = 2*w + 1 + 1. Calculate the remainder when i is divided by 30.
27
Let a = 24 + -10. Calculate the remainder when a is divided by 5.
4
Suppose -5*g = d + 61, 4*d = -2*g + d - 14. Let z = 37 + g. Calculate the remainder when z is divided by 9.
6
Suppose 80 = 4*z + 2*a, -a + 0*a + 61 = 3*z. What is the remainder when z is divided by 8?
5
Suppose 26 = -4*w + 106. Let v(b) = 58*b**2 - b + 1. What is the remainder when v(1) is divided by w?
18
Let c be 1*0/(0 - 2). Suppose -2*a + 0*a + 8 = c. Let t = 9 + 2. What is the remainder when t is divided by a?
3
Let t = -32 - -50. What is the remainder when 87 is divided by t?
15
Let r = 0 + -6. Let a(w) = -w**2 - 10*w + 2. Calculate the remainder when a(r) is divided by 156/11 + (-4)/22.
12
Let t = -2 + 5. Calculate the remainder when 20 is divided by (-1)/(2*t/(-66)).
9
Suppose 4*v - 16 = -0*v. Let b(c) = -6*c + v + c + 3*c. What is the remainder when 31 is divided by b(-6)?
15
Suppose -2*p = -7*p + 4*n + 35, -4*p = -4*n - 28. Let y(x) = -x**3 + 7*x**2 + 10*x - 6. Calculate the remainder when y(p) is divided by 22.
20
Suppose 5*w - 14 = -2*w. Suppose 0 = -q - 3 - 2. Let a(k) = -k**2 - 6*k - 3. Calculate the remainder when w is divided by a(q).
0
Let x be (-1 + -7)*3/(-6). Suppose 2*y - x = 6. What is the remainder when 18 is divided by y?
3
Let t = -54 + 31. Let y = -10 - t. What is the remainder when y is divided by 5?
3
Suppose 0 = 2*i - 5*u - 22 - 10, -i + 2*u = -17. What is the remainder when 62 is divided by i?
20
Let n be 1/2*(3 - 5). Let y be 1*(-3 + 0)/(-3). Calculate the remainder when (150/(-3) + y)/n is divided by 13.
10
Let x(z) = z**2 - 3*z - 4. Let l = -8 + 19. Calculate the remainder when l is divided by x(5).
5
Suppose o = -5*k + 6 + 16, 0 = 3*o + 4*k - 22. Calculate the remainder when 2 is divided by o.
0
Suppose -k + 19 = 5*n - 3, 5*k - 5*n + 10 = 0. Let q(i) = 3*i**2 - 2*i - 5. Calculate the remainder when q(4) is divided by (-18)/(k + 7/(-2)).
11
Let i(l) = l**2 + 11*l - 9. Let o(z) =